13. Let s(b) = -8*b**2 + 42*b - 34. Let m be s(4). Give i(m).
7
Suppose -767*m - 532 = -766*m. Let a = -527 - m. Let c(i) be the first derivative of -i**4/4 + 2*i**3 - 5*i**2/2 - 6*i - 1. Determine c(a).
-6
Let n(i) be the second derivative of -i**3/6 - i**2 + 2397*i. Let s = -6 + 11. Determine n(s).
-7
Let b(a) = a**2 + 19*a + 1. Let o(f) = -3*f**2 - 80*f + 15. Let s(i) = 4*b(i) + o(i). Give s(4).
19
Let b(q) be the third derivative of q**6/120 + q**5/30 - q**4/24 - q**3/3 - 2*q**2 - 3681. Let j(s) = -2*s + 7. Let k be j(5). What is b(k)?
-8
Suppose 4*q + 2*i + 12 = -4, -4*q = -4*i + 28. Let o(z) be the second derivative of -z**5/20 - z**4/3 + z**3 - 2*z**2 + z + 6. Determine o(q).
-9
Let t(z) be the third derivative of -z**5/60 + z**4/3 - 5*z**3/3 - 2*z**2. Suppose 1175 = -16*n + 1303. What is t(n)?
-10
Let r = 18 - -14. Suppose 0 = 4*n + 4 - r. Let u(i) = -3*i - 3. What is u(n)?
-24
Let z = 4225 + -4223. Let q(h) = -6*h**2 - h + 2. Calculate q(z).
-24
Suppose 252 = -1306*a + 1334*a. Let j(d) = 9*d**2 - 83*d + 12. What is j(a)?
-6
Let s = -125 - -162. Let a = s - 33. Let z(y) = 5*y + 2. Calculate z(a).
22
Let d(p) be the third derivative of 5*p**4/24 + p**3/6 - 2*p**2 + 5810*p. Suppose -b + 3*b = 8. Give d(b).
21
Let f(i) = -i**2 - 6*i - 6. Suppose -2*d + 2*b = -34, -4*b - 67 = -4*d - b. Let g be (-2)/d + (-146)/(-16). Suppose g*v + 36 = -18. What is f(v)?
-6
Let m(i) = 4*i - 7. Let b(q) = 13*q - 21. Let h(x) = -6*b(x) + 17*m(x). What is h(4)?
-33
Let d(q) = -q + 8. Suppose -10 = 5*c + 4*f, -5*f + f = 20. Suppose 2*s - 10 = -2*l + 7*s, s = 2*l - c. Calculate d(l).
8
Let p(x) be the first derivative of -5/3*x**3 + 1/4*x**4 - 3*x**2 + 4*x + 70. Give p(6).
4
Let d be 1 + 2 + (-5 + 4 - 0). Let r(y) = 0*y - 10*y - 4*y - 8*y + 4 + 3*y**d. Give r(7).
-3
Let i(m) be the second derivative of m**5/5 - m**4/12 - m**3/2 + m**2/2 + 2*m + 24. Let k = 270 + -268. Give i(k).
23
Let a(h) = -3*h**2 - 28*h + 12. Let i be ((-36)/45)/((-4)/(-50)) - -3. Let q(z) = 2*z**2 + 15*z - 6. Let u(f) = i*q(f) - 4*a(f). Determine u(5).
-21
Let n(l) = 0*l**3 - l**3 + 12 + 5 + l**2 - 1. Let c be 35/(-25) - ((-3)/(-5) + -2). Determine n(c).
16
Let z(q) = -126 + 61 + 63 + 2*q. Suppose -6*t + 5*t - 490 = -5*f, -f = -2*t - 89. Let w = f - 95. Determine z(w).
6
Let a(q) = 10*q + 12 - 7 + 92. Let j be a(-9). Let m(v) be the first derivative of -v**4/4 + 8*v**3/3 - 4*v**2 + 4*v + 11. Determine m(j).
-3
Let y(l) = 5*l**3 + 6*l**2 + 14*l + 1. Let s(g) = -6*g**3 - 6*g**2 - 15*g - 2. Let p(z) = 6*s(z) + 7*y(z). Let n = -276 + 377. Let b = -94 + n. Calculate p(b).
2
Let t(f) = -f + 4. Let z be t(4). Let a(u) = -3366*u + 6773*u + 5 - u**3 - 3408*u + u**2. Give a(z).
5
Let j(u) = u**3 + u**2 + u + 80. Let a be (13 + -13)/(-18)*1. Give j(a).
80
Let p(x) = x**2 + 49*x + 141. Let n be p(-3). Let h(y) = 8*y - 24. Give h(n).
0
Let p(s) = 8 + s**2 + 0*s**2 + s + 0*s. Let j = 115 - 111. Suppose 3*n - 3*g + 5 = 2*g, -3*n + j*g = 4. Give p(n).
8
Let j(c) be the third derivative of 0 - 1/40*c**6 + 235*c**2 + 1/3*c**3 - 1/6*c**4 + 0*c + 1/30*c**5. What is j(2)?
-22
Let s(u) = u**2 - 44*u - 41. Suppose 2*m + 82 = 2*d, 3*d + 1195*m - 131 = 1196*m. Give s(d).
4
Suppose 18*h + 15*h = 32*h + 8. Let a(c) = 4*c**3 - 33*c**2 + 8*c - 5. Give a(h).
-5
Let w(d) be the first derivative of 7*d**2/2 - 124*d + 4193. Give w(17).
-5
Let z(i) = -i**2 + 12*i - 61. Let j = -33343 + 33351. Calculate z(j).
-29
Let l(z) be the third derivative of -86*z**2 + 0*z - 1/6*z**4 - 1/6*z**3 + 0 + 1/30*z**5. Suppose -2*s = 6*s - 24. Determine l(s).
5
Let i(x) be the third derivative of x**6/120 - 17*x**5/60 + 2*x**4/3 - 13*x**3/6 + 3*x**2 - 181*x + 5. What is i(16)?
-13
Let h(b) = b**3 + 9*b**2 + 3*b + 25. Suppose -3834 = 88*z + 40*z + 298*z. Give h(z).
-2
Let c(o) = -2*o**2 + 2. Suppose 25*i + 4935 + 4740 = 0. Let w = i + 385. What is c(w)?
-6
Let r(l) = -3*l**3 + 1 - 1 + 4*l**3 - 14*l**2 + l - 4. Let v be (-12220)/(-780) - (-20)/(-12). Give r(v).
10
Suppose -989 - 610 = -39*y. Suppose -37*b - 4 = -y. Let r(o) be the third derivative of 19*o**6/120 - o**4/12 + o**3/6 + 2*o**2. Determine r(b).
18
Let t be -3*20/(-135)*9. Let n(u) = u**3 - t*u**2 + u + 10*u - 6*u + 0*u. Calculate n(4).
20
Let c(d) be the third derivative of -d**7/84 + d**6/360 - d**4/24 + 6*d**3 - 2*d**2 - 76*d. Let v(q) be the first derivative of c(q). Determine v(-1).
10
Let w(n) be the third derivative of n**4/6 + n**3/2 + 2*n**2. Let o(m) = -m**2 - 20*m - 34. Let d be o(-21). Let r = 53 + d. Calculate w(r).
-5
Let f(l) = 8*l - 85. Suppose r - 3*r + 5*g + 5 = 0, -3*r - 5*g + 45 = 0. Let o be f(r). Let s(h) = 3*h + 10. Calculate s(o).
-5
Let f = -134 - -137. Let p(t) = 8 - 20 + 12 - f*t. Determine p(-1).
3
Let j(b) = -6*b - 24*b - 9 - 2 + 29*b. Let t(c) = c**3 - 13*c**2 + 11*c + 4. Let w be t(12). Give j(w).
-3
Let p(o) = -3 - 9*o + 1 + 2*o. Suppose 6*k + 5*b - 7 = 7*k, 0 = 4*k + 5*b - 47. Suppose -24*c = -20*c + k. What is p(c)?
12
Suppose 36*f - 54 + 153 = 3*f. Let j(k) = -2*k**3 - 6*k**2 - 5*k + 1. Determine j(f).
16
Suppose -3*y + 0*y - 21 = 0. Let l(f) = -268886*f - 6 + f**3 - f**2 + 268870*f + f**2 + 5*f**2 + 1. Give l(y).
9
Suppose -3*x - 225 = -4*g, -4*g + 43 + 167 = 2*x. Let t be (g/36)/((-3)/14). Let a(v) = 2*v + 10. Determine a(t).
-4
Let h(n) be the second derivative of 1/2*n**3 + 0 - 1/6*n**4 - 3/2*n**2 - 5*n. Let l be 3/(-3)*(-3 + 0) + -1. Determine h(l).
-5
Let a(c) = -c**3 - 3*c**2 - c - 1. Let o be (3 - 3) + -2 + 1 + 1. Suppose -5*z - 7*m + 4*m - 12 = o, 2*m = 2. Determine a(z).
2
Let i(r) be the first derivative of -25*r**2/2 + 79*r + 451. What is i(3)?
4
Let v(c) = -c + 1. Let q(h) be the third derivative of 0*h + 1/60*h**5 + 1/8*h**4 + 0 + 4/3*h**3 - 22*h**2. Let z(n) = -q(n) + 3*v(n). What is z(-6)?
-5
Let u(s) = s**3 + 5*s**2 + 15. Let a be u(-6). Let g(f) = f**3 + 22*f**2 + 23*f + 52. Determine g(a).
10
Suppose 0 = -10*l + 20. Let p be 5/l*(-5 - 21/(-3)). Let h(w) = 10*w**2 - 18*w + 28. Let m(s) = -7*s**2 + 12*s - 19. Let r(b) = p*h(b) + 7*m(b). What is r(5)?
2
Let r be 0 - (-8 - 4)/2. Suppose -4 = 2*p - r*p. Let c(t) be the third derivative of -t**4/6 + t**3/6 + 25*t**2. Calculate c(p).
-3
Let s(w) = -w + 10. Let b be ((-6)/1)/((-11)/((-77)/14)). Let k(v) = 3*v - 28. Let q(m) = b*k(m) - 8*s(m). Give q(3).
1
Let a(t) = -7 + 117*t + 122*t - 232*t - t**2. Let r(i) = i**2 - 27 + 0*i**2 - 3*i - 5*i. Let g be r(11). Calculate a(g).
-1
Let y(b) = b**2 - 11*b - 64. Let c = 15232 - 15218. Calculate y(c).
-22
Let g(p) = -3*p + 4. Suppose -79*i + 3744 = -53*i. Let l = i - 141. Determine g(l).
-5
Let t be 0 + 2 + 57/(-24) - (-1080)/320. Let m(r) = 3*r**2 - r + 2. Give m(t).
26
Let m(d) = -13*d + 5 + 2*d**2 - 5 + 23 - 14 + 0. Determine m(3).
-12
Let s(k) = k**2 + k - 15. Let f(o) = o**3 - 2*o**2 - 8*o - 1. Let b be f(5). Let y(p) = -p**2 + 34*p. Let z be y(b). What is s(z)?
-15
Let x = 125 + -119. Let v(w) = 16*w + 3 - 9 - x*w - 5*w - 3*w. Suppose 2*k + 5*i - 8 = 30, 0 = 5*k - i - 41. Give v(k).
12
Let t(j) = j**2 - 36*j - 357. Let w be t(44). Let f(q) = -q**3 - 6*q**2 - 12*q - 16. Give f(w).
19
Let y be 8/3*(2 - -1). Let c(g) = 9*g + 15*g + 0*g - 31*g - 2*g + g**2 + 4 + 9. Determine c(y).
5
Suppose -259 = -3*d + 4*k, -10*k - 176 = -2*d - 8*k. Let w = 99 - d. Let b(s) = s**2 - 6*s - 3. What is b(w)?
-3
Suppose -44 = -8*n - 12. Let c(s) = -2*s - 33 - n*s + 38 - s**2. What is c(-5)?
10
Let g(d) = 6*d**2 - 60*d + 119. Let w be g(7). Let f(c) = -58*c - 412. Determine f(w).
-6
Let u(b) = b**3 - 8*b**2 + 6*b + 9. Let g be u(7). Let d be (2/(-2) + 0)*(-23 + g). Let y(l) = -3*l + 20 - l - d + 5*l. Calculate y(3).
2
Let h be 2/4*(-12)/9*36. Let w = h - -31. Let g(s) = s**2 + 11 - 12*s - 3*s + 33*s - w*s. Calculate g(-9).
-7
Let g = 43 - 45. Let s(z) = 1 - 49*z + 91*z - 3 - 46*z. Determine s(g).
6
Suppose 47*g = 46*g - 328. Let q = 322 + g. Let d(u) = u**3 + 5*u**2 - 8*u + 1. Give d(q).
13
Let i(d) be the second derivative of -3/2*d**2 + 2 + 0*d**4 + 0*d**3 + 9*d + 1/20*d**5. Let u be (2 + -1 - -1) + -2. Determine i(u).
-3
Let z(p) = 6*p - 12 - 7*p - 4 + 26 - 5. Let h = 14 - 10. Give z(h).
1
Let q(j) = 35 + 14*j**2 - 2*j**2 + j**3 - 16 + 11*j - 3 - 2. What is q(-10)?
104
Let j = -232 - -236. Let b(z) = -440 - j*z + 5*z + 444. Determine b(-7).
-3
Let f(x) = 